{"id":409,"date":"2019-09-22T18:35:03","date_gmt":"2019-09-22T16:35:03","guid":{"rendered":"http:\/\/ensemble-esthesis.fr\/?page_id=409"},"modified":"2019-09-22T18:35:03","modified_gmt":"2019-09-22T16:35:03","slug":"noel","status":"publish","type":"page","link":"http:\/\/ensemble-esthesis.fr\/?page_id=409","title":{"rendered":"No\u00ebl"},"content":{"rendered":"\n<p style=\"text-align:right\"><em><a href=\"http:\/\/ensemble-esthesis.fr\/?page_id=375\">Retour Programmation<\/a><\/em><\/p>\n\n\n\n<h4 class=\"wp-block-heading\" style=\"text-align:center\">Concert tout public<\/h4>\n\n\n\n<p>Les doux chants de notre enfance s\u2019entrem\u00ealent dans un medley effr\u00e9n\u00e9 tandis que le c\u00e9l\u00e8bre Petit Papa No\u00ebl prend des couleurs jazzy. Le temps de No\u00ebl permet en effet aux membres de l&rsquo;ensemble de composer et\/ou d&rsquo;arranger certains chants qu&rsquo;ils appr\u00e9cient faire d\u00e9couvrir au public afin de renouveler les classiques ! <\/p>\n\n\n\n<p style=\"text-align:right\">Quelques \u0153uvres : <br>Stars &#8211; Eriks Esenvalds<br>Amazing Grace &#8211; Eriks Esenvalds<br>L&rsquo;\u00e9toile a pleur\u00e9 &#8211; Am\u00e9lie Guiboux<br>Ch\u0153ur de l&rsquo;hiver &#8211; Jean-Baptiste Lully<br>White Christmas &#8211; Irving Berling<br>Hallelujah &#8211; L\u00e9onard Cohen<br>Medley de No\u00ebl &#8211; arr. Rachel Ruaux &amp; K\u00e9vin Roger<br>P&rsquo;tit Pap&rsquo; King &#8211; Rachel Ruaux &amp; K\u00e9vin Roger<\/p>\n\n\n\n<p>1h00 sans entracte<br>15 chanteurs<br>a cappella<br>1 directeur musical<\/p>\n\n\n\n<p><strong>Ensemble Esthesis <br><\/strong>sous la direction de <strong>Rachel Ruaux <\/strong><\/p>\n\n\n\n<p style=\"text-align:right\">Contact diffusion &#8211; cliquez <a href=\"http:\/\/ensemble-esthesis.fr\/?page_id=214\">ici<\/a> <\/p>\n","protected":false},"excerpt":{"rendered":"<p>Retour Programmation Concert tout public Les doux chants de notre enfance s\u2019entrem\u00ealent dans un medley effr\u00e9n\u00e9 tandis que le c\u00e9l\u00e8bre Petit Papa No\u00ebl prend des couleurs jazzy. Le temps de No\u00ebl permet en effet aux membres de l&rsquo;ensemble de composer et\/ou d&rsquo;arranger certains chants qu&rsquo;ils appr\u00e9cient faire d\u00e9couvrir au public afin de renouveler les classiques &hellip; <a href=\"http:\/\/ensemble-esthesis.fr\/?page_id=409\" class=\"more-link\">Continue reading <span class=\"screen-reader-text\">No\u00ebl<\/span><\/a><\/p>\n","protected":false},"author":1,"featured_media":0,"parent":0,"menu_order":0,"comment_status":"closed","ping_status":"closed","template":"","meta":{"footnotes":""},"class_list":["post-409","page","type-page","status-publish","hentry"],"_links":{"self":[{"href":"http:\/\/ensemble-esthesis.fr\/index.php?rest_route=\/wp\/v2\/pages\/409","targetHints":{"allow":["GET"]}}],"collection":[{"href":"http:\/\/ensemble-esthesis.fr\/index.php?rest_route=\/wp\/v2\/pages"}],"about":[{"href":"http:\/\/ensemble-esthesis.fr\/index.php?rest_route=\/wp\/v2\/types\/page"}],"author":[{"embeddable":true,"href":"http:\/\/ensemble-esthesis.fr\/index.php?rest_route=\/wp\/v2\/users\/1"}],"replies":[{"embeddable":true,"href":"http:\/\/ensemble-esthesis.fr\/index.php?rest_route=%2Fwp%2Fv2%2Fcomments&post=409"}],"version-history":[{"count":1,"href":"http:\/\/ensemble-esthesis.fr\/index.php?rest_route=\/wp\/v2\/pages\/409\/revisions"}],"predecessor-version":[{"id":410,"href":"http:\/\/ensemble-esthesis.fr\/index.php?rest_route=\/wp\/v2\/pages\/409\/revisions\/410"}],"wp:attachment":[{"href":"http:\/\/ensemble-esthesis.fr\/index.php?rest_route=%2Fwp%2Fv2%2Fmedia&parent=409"}],"curies":[{"name":"wp","href":"https:\/\/api.w.org\/{rel}","templated":true}]}}

Noël

<p style="text-align:right"><em><a href="http://ensemble-esthesis.fr/?page_id=375">Retour Programmation</a></em></p>



<h4 class="wp-block-heading" style="text-align:center">Concert tout public</h4>



<p>Les doux chants de notre enfance s’entremêlent dans un medley effréné tandis que le célèbre Petit Papa Noël prend des couleurs jazzy. Le temps de Noël permet en effet aux membres de l&rsquo;ensemble de composer et/ou d&rsquo;arranger certains chants qu&rsquo;ils apprécient faire découvrir au public afin de renouveler les classiques ! </p>



<p style="text-align:right">Quelques œuvres : <br>Stars &#8211; Eriks Esenvalds<br>Amazing Grace &#8211; Eriks Esenvalds<br>L&rsquo;étoile a pleuré &#8211; Amélie Guiboux<br>Chœur de l&rsquo;hiver &#8211; Jean-Baptiste Lully<br>White Christmas &#8211; Irving Berling<br>Hallelujah &#8211; Léonard Cohen<br>Medley de Noël &#8211; arr. Rachel Ruaux &amp; Kévin Roger<br>P&rsquo;tit Pap&rsquo; King &#8211; Rachel Ruaux &amp; Kévin Roger</p>



<p>1h00 sans entracte<br>15 chanteurs<br>a cappella<br>1 directeur musical</p>



<p><strong>Ensemble Esthesis <br></strong>sous la direction de <strong>Rachel Ruaux </strong></p>



<p style="text-align:right">Contact diffusion &#8211; cliquez <a href="http://ensemble-esthesis.fr/?page_id=214">ici</a> </p>

<p>Retour Programmation Concert tout public Les doux chants de notre enfance s’entremêlent dans un medley effréné tandis que le célèbre Petit Papa Noël prend des couleurs jazzy. Le temps de Noël permet en effet aux membres de l&rsquo;ensemble de composer et/ou d&rsquo;arranger certains chants qu&rsquo;ils apprécient faire découvrir au public afin de renouveler les classiques &hellip; <a href="http://ensemble-esthesis.fr/?page_id=409" class="more-link">Continue reading <span class="screen-reader-text">Noël</span></a></p>
