{"id":626,"date":"2023-01-06T10:42:34","date_gmt":"2023-01-06T09:42:34","guid":{"rendered":"http:\/\/ensemble-esthesis.fr\/?page_id=626"},"modified":"2024-11-27T15:15:57","modified_gmt":"2024-11-27T14:15:57","slug":"mythes-et-legendes-2","status":"publish","type":"page","link":"http:\/\/ensemble-esthesis.fr\/?page_id=626","title":{"rendered":"Mythes et L\u00e9gendes"},"content":{"rendered":"\n<p class=\"has-text-align-right\"><em>Retour <\/em><a href=\"http:\/\/ensemble-esthesis.fr\/?page_id=375\" data-type=\"page\" data-id=\"375\">Programmation<\/a><em>  <\/em><\/p>\n\n\n\n<h2 class=\"wp-block-heading has-text-align-center\">Spectacle tout public <\/h2>\n\n\n\n<p class=\"has-text-align-left\">Toutes ces histoires que l\u2019on raconte sans pouvoir les expliquer et qui traversent les \u00e9poques sans perdre de leur magie.<\/p>\n\n\n\n<p class=\"has-text-align-left\">Dans ce spectacle, l\u2019ensemble Esthesis va \u00e0 la rencontre de cr\u00e9atures fantastiques parfois tr\u00e8s aper\u00e7ues dans le 7\u00e8me art ou bien simplement dans le calme des for\u00eats. <br><\/p>\n\n\n\n<p class=\"has-text-align-right\">Quelques \u0153uvres : <\/p>\n\n\n\n<p class=\"has-text-align-right\">Adiemus &#8211; Karl Jenkins \/ I see you &#8211; Avatar \/  Pater Noster &#8211; Jean Claude Michaud \/ In noctem &#8211; Harry Potter<\/p>\n\n\n\n<p>1h00 sans entracte<\/p>\n\n\n\n<p>Quelques pi\u00e8ces accompagn\u00e9es au piano et\/ou percussions<\/p>\n\n\n\n<p><strong>Ensemble Esthesis <\/strong>                                        sous la direction de Rachel Ruaux  <\/p>\n\n\n\n<p class=\"has-text-align-right\">Contact diffusion &#8211; cliquez <a href=\"http:\/\/ensemble-esthesis.fr\/?page_id=214\" data-type=\"page\" data-id=\"214\">ici <\/a><\/p>\n\n\n\n<p><\/p>\n","protected":false},"excerpt":{"rendered":"<p>Retour Programmation Spectacle tout public Toutes ces histoires que l\u2019on raconte sans pouvoir les expliquer et qui traversent les \u00e9poques sans perdre de leur magie. Dans ce spectacle, l\u2019ensemble Esthesis va \u00e0 la rencontre de cr\u00e9atures fantastiques parfois tr\u00e8s aper\u00e7ues dans le 7\u00e8me art ou bien simplement dans le calme des for\u00eats. Quelques \u0153uvres : &hellip; <a href=\"http:\/\/ensemble-esthesis.fr\/?page_id=626\" class=\"more-link\">Continue reading <span class=\"screen-reader-text\">Mythes et L\u00e9gendes<\/span><\/a><\/p>\n","protected":false},"author":1,"featured_media":0,"parent":0,"menu_order":0,"comment_status":"closed","ping_status":"closed","template":"","meta":{"footnotes":""},"class_list":["post-626","page","type-page","status-publish","hentry"],"_links":{"self":[{"href":"http:\/\/ensemble-esthesis.fr\/index.php?rest_route=\/wp\/v2\/pages\/626","targetHints":{"allow":["GET"]}}],"collection":[{"href":"http:\/\/ensemble-esthesis.fr\/index.php?rest_route=\/wp\/v2\/pages"}],"about":[{"href":"http:\/\/ensemble-esthesis.fr\/index.php?rest_route=\/wp\/v2\/types\/page"}],"author":[{"embeddable":true,"href":"http:\/\/ensemble-esthesis.fr\/index.php?rest_route=\/wp\/v2\/users\/1"}],"replies":[{"embeddable":true,"href":"http:\/\/ensemble-esthesis.fr\/index.php?rest_route=%2Fwp%2Fv2%2Fcomments&post=626"}],"version-history":[{"count":5,"href":"http:\/\/ensemble-esthesis.fr\/index.php?rest_route=\/wp\/v2\/pages\/626\/revisions"}],"predecessor-version":[{"id":693,"href":"http:\/\/ensemble-esthesis.fr\/index.php?rest_route=\/wp\/v2\/pages\/626\/revisions\/693"}],"wp:attachment":[{"href":"http:\/\/ensemble-esthesis.fr\/index.php?rest_route=%2Fwp%2Fv2%2Fmedia&parent=626"}],"curies":[{"name":"wp","href":"https:\/\/api.w.org\/{rel}","templated":true}]}}

Mythes et Légendes

<p class="has-text-align-right"><em>Retour </em><a href="http://ensemble-esthesis.fr/?page_id=375" data-type="page" data-id="375">Programmation</a><em>  </em></p>



<h2 class="wp-block-heading has-text-align-center">Spectacle tout public </h2>



<p class="has-text-align-left">Toutes ces histoires que l’on raconte sans pouvoir les expliquer et qui traversent les époques sans perdre de leur magie.</p>



<p class="has-text-align-left">Dans ce spectacle, l’ensemble Esthesis va à la rencontre de créatures fantastiques parfois très aperçues dans le 7ème art ou bien simplement dans le calme des forêts. <br></p>



<p class="has-text-align-right">Quelques œuvres : </p>



<p class="has-text-align-right">Adiemus &#8211; Karl Jenkins / I see you &#8211; Avatar /  Pater Noster &#8211; Jean Claude Michaud / In noctem &#8211; Harry Potter</p>



<p>1h00 sans entracte</p>



<p>Quelques pièces accompagnées au piano et/ou percussions</p>



<p><strong>Ensemble Esthesis </strong>                                        sous la direction de Rachel Ruaux  </p>



<p class="has-text-align-right">Contact diffusion &#8211; cliquez <a href="http://ensemble-esthesis.fr/?page_id=214" data-type="page" data-id="214">ici </a></p>



<p></p>

<p>Retour Programmation Spectacle tout public Toutes ces histoires que l’on raconte sans pouvoir les expliquer et qui traversent les époques sans perdre de leur magie. Dans ce spectacle, l’ensemble Esthesis va à la rencontre de créatures fantastiques parfois très aperçues dans le 7ème art ou bien simplement dans le calme des forêts. Quelques œuvres : &hellip; <a href="http://ensemble-esthesis.fr/?page_id=626" class="more-link">Continue reading <span class="screen-reader-text">Mythes et Légendes</span></a></p>
